ird derivative of -o**4/24 + o**3/3 + 11*o**2. Give i(-5).
7
Let d(b) be the third derivative of -b**6/720 + b**5/40 + b**4/8 - 3*b**2. Let k(g) be the second derivative of d(g). Calculate k(0).
3
Let k(q) = q**2 - 3*q - 2. Suppose -3*f + 22 = -5*d, -f + 2 = d - 0. Determine k(f).
2
Let s(q) be the first derivative of -q**3/3 + 5*q**2/2 - 32. Determine s(4).
4
Let z(i) be the second derivative of -i**5/20 - i**4/3 + 2*i**3/3 - 2*i**2 + 8*i. Give z(-5).
1
Let u(b) be the third derivative of -b**6/360 - b**5/24 + b**3/3 - 2*b**2. Let i(o) be the first derivative of u(o). Let s be -4*2/(-6)*-3. Calculate i(s).
4
Let x(c) be the second derivative of c**4/12 - c**3/6 - c**2/2 - 2*c. Determine x(2).
1
Let h(p) = -p**3 - 2*p**2 + 3*p - 8. Let a(s) = 2*s**3 + 4*s**2 - 6*s + 17. Let t(y) = -6*a(y) - 13*h(y). Let q = -4 + 1. Give t(q).
2
Let m(g) = g**2 + 3*g - 3. Suppose 5*n = -3*q - 31, -12 = 4*n - 7*q + 3*q. Calculate m(n).
7
Suppose 5*a = 9 + 1. Let x(y) = y**3 + 2*y**2 - 2. What is x(a)?
14
Suppose 5*p + 8 = 4*a - 2, 4*a + 3*p - 26 = 0. Let x(z) be the second derivative of z**5/20 - z**4/2 + z**3 - z**2 + z. Determine x(a).
3
Let p(v) = -4*v - 5. Let a(q) = 2*q - 7. Let j be a(6). Let b(u) = -9*u - 10. Let k(g) = j*p(g) - 2*b(g). Give k(4).
-13
Let n = 13 + -6. Let i = -5 + n. Let m(f) = 0*f - i*f + 5 + 3*f. Give m(0).
5
Let h(f) = 3*f - 3. Suppose -c + 2*r - 4 = 0, -1 + 9 = 4*c - 2*r. Suppose 4*i - 3*s = 3, s = c*i - 0 - 9. Give h(i).
6
Let u(f) = f**3 + f**2. Let z be u(0). Suppose z = y - 6 + 3. Let g(b) = 5*b**3 - 5*b**2 - b**3 - y - 3*b**3 + 5*b. Determine g(4).
1
Let m(t) = -t**2 - 5*t + 1. Let q = 21 - 11. Suppose 0*u = 2*u + q. Determine m(u).
1
Let h = -11 + 16. Let f(m) = 7*m**2 - 12*m - 11. Let d(c) = -6*c**2 + 11*c + 10. Let w(s) = h*f(s) + 6*d(s). Calculate w(6).
5
Let h be 1 + 0/((-4)/(-2)). Let t(k) be the first derivative of k**2 - k - 2. Determine t(h).
1
Let j(s) = s**3 - 1. Let x(y) = 3*y**2 - 2. Let z be x(-2). Let r be (1 - 1)/(z/5). Give j(r).
-1
Let j(b) = b**2 - b. Suppose 4*d - 24 = 4*p, 8 + 4 = -4*p. Suppose -3*r = d*r. What is j(r)?
0
Let q = 6 - 3. Let i(g) = -g**2 - 6*g + 2*g - q + 0*g**2. Suppose 0*n - 2*j = -2*n, n + 3*j + 12 = 0. Give i(n).
0
Let h(k) = k + 2. Let l be (5 - 3)/(2/(-9)). Give h(l).
-7
Let w = -17 + 5. Let s be 3/(-6)*(w + 2). Let f(z) = z**3 - 6*z**2 + 6*z - 3. Determine f(s).
2
Let y(x) = x**3 - 4*x**2 - x + 4. Let u = -3 + 4. Let s(g) = 6*g**3 + g**2. Let m be s(u). Suppose m*h = 4*h + 12. Give y(h).
0
Let h(n) be the third derivative of n**4/12 - 7*n**3/6 + n**2. Let u be h(5). Let a(j) = -2*j**3 + 2*j**2 + 0*j**3 + j - u*j**3. Calculate a(-1).
6
Let r = 57 + -52. Let v(g) = 3*g - 7. Calculate v(r).
8
Let b(p) = p**2 - 6*p + 2. Let d be b(4). Let a(n) be the second derivative of -n**3/6 - n**2 + 2*n. What is a(d)?
4
Suppose -4*c = -3*s + 13, 2*c - s + 4 = s. Let r = -9 - c. Let g(t) be the second derivative of t**3/6 + t. Calculate g(r).
-2
Let a(u) = u**3 + 6*u**2 - u - 1. Suppose -5*t - 3*p - 64 = 0, 0 = -5*t - 2*p - 59 - 2. Let b = 5 + t. Give a(b).
5
Let r(x) = x**2 + 11*x + 1. Let p be 2/(-2)*(-6 + 4). Let o(c) = -5*c + 4*c + 6*c + 1 + c**p. Let q(n) = 5*o(n) - 2*r(n). Calculate q(-2).
9
Let j(c) = 5 + 2 - c + 4. Let v be j(9). Let q(z) = v*z**2 + 0 - 4*z**2 + z**3 - 1 + 3*z. Calculate q(2).
5
Suppose 2*p = -t + 7, p + 7 = -4*t + 21. Let d(k) = 14*k - 9*k + 3 - 9*k - k**2 + 2*k**2. Determine d(p).
-1
Let c(x) = -x**3 - 6*x**2 - 3*x + 4. Let d = 13 + -18. What is c(d)?
-6
Let a be (-3)/(-2)*(-66)/99. Let c(b) = 11*b**2 + b + 1. What is c(a)?
11
Let i(w) = w**3 + 4*w**2 + 4*w + 5. Let x be 12/(-4) - (-1 + 4/2). Determine i(x).
-11
Suppose -20 = -5*d + 3*y + 2, 0 = 5*d - 5*y - 30. Let x(u) = -d + 6 - 4*u + 3*u. Let t be x(0). Let r(i) = -i**3 + 3*i**2 + 3*i - 2. Calculate r(t).
-6
Let f(j) = 0*j + j + 4 - 11. Let k(n) = -2*n + 11. Let l be k(3). Give f(l).
-2
Let r(n) = 4*n**2 - 10. Suppose -7*a = -3*a - 8. Let v(i) = 3*i**2 + i - 9. Let p(g) = a*r(g) - 3*v(g). Suppose -u - 7 = -2. Calculate p(u).
-3
Let y = -4 - -7. Suppose -4*i + 3*i + y = 0. Let c(k) = i*k**2 - 2 - 4*k**3 - 2*k + 3*k**3 + 5*k. Calculate c(4).
-6
Let v(l) be the third derivative of -l**5/30 - l**4/12 + l**3/6 + 3*l**2. Determine v(-2).
-3
Let p = 152 - 153. Let v(z) = -3*z**2 + 1. Determine v(p).
-2
Let w(s) be the second derivative of -s**5/10 + s**4/4 + s**3/2 - s**2/2 - 8*s. Determine w(3).
-19
Let p(z) = z**3 - 5*z**2 - 3*z + 3. Suppose j = 2*j + 5*k - 20, 7 = -j + 4*k. Determine p(j).
-12
Let o = 12 + -13. Let l(b) = -5*b - 1. Give l(o).
4
Let q be (-7)/(-28) - (-2)/(-8). Let m(k) = k + 4 - 5 + q*k. What is m(-6)?
-7
Suppose 0 = -b - 0 + 4. Let u = -1 - b. Let v(g) = 6*g + g**3 - 1 + 0*g + 6*g**2 - 1 - 3*g. Calculate v(u).
8
Suppose 2*z + 50 = 5*x, 0 = -7*z + 2*z - 25. Let g(t) = 2 - x*t**2 - 3*t + 9*t**2 - 2*t. What is g(6)?
8
Let l be 1*(4 + -2) + 2. Let r = 9 - l. Let s(a) = 7 + a**3 - 2*a + 0*a**2 + 0*a**2 - 5*a**2. Calculate s(r).
-3
Let x(l) = -9*l**2 + 1. Suppose 2*n = 2*p, 0*n - 3*n - 1 = -4*p. Give x(p).
-8
Let s(k) be the first derivative of -k**4/4 - 2*k**3 - 2*k**2 + 3*k - 9. Let f be 4 + -4 + 2/1. Let o be (-1)/((-18)/10 + f). What is s(o)?
-2
Let a(g) = g**2 + 3. Suppose 20 = -4*w + 8. What is a(w)?
12
Suppose -5*q + 3*q - 4*b = 32, -4*b - 14 = -q. Let r(g) = 5*g**2 - 5*g - 4. Let j(m) = 9*m**2 - 9*m - 7. Let d(k) = q*j(k) + 11*r(k). Give d(-2).
4
Let t(d) = 6*d + 21. Suppose -c + 2 = -1. Let s be (5/c)/((-1)/3). Let y(i) = 3*i + 11. Let b(m) = s*t(m) + 9*y(m). Calculate b(-4).
6
Let h be 2/(-4) + 3/6. Suppose 2*w + h = -2. Let b be (w/2)/((-1)/6). Let p(q) = -q**3 + 2*q**2 + 2*q + 3. Give p(b).
0
Let k(z) = -z**2 + 0*z + 1 + 1 - 7*z - 7. Suppose 3*j - 5*u + 3 = 6*j, 3*j + 3*u = -3. Determine k(j).
7
Let h be (-12)/(-8) - 2/(-4). Suppose -3*b - 1 = -4*c, -5*c + 4*b - 8 = -h*c. Let j(r) = r**3 - 5*r**2 + 3*r + 3. Calculate j(c).
-1
Let z(i) = -i**2 + 6*i - 14. Let f(j) = 8*j**2 - 5*j + 33. Let l(k) = -k**2 - k - 1. Let w(q) = -f(q) - 6*l(q). Let h(s) = 6*w(s) - 11*z(s). Determine h(0).
-8
Suppose -3*a + 3 = -0. Let w(j) = -j**2 - 1 + 2*j**2 + 22*j - 20*j - 6*j**2. What is w(a)?
-4
Suppose 0 = 5*u - 7 - 8. Let z(p) = -p**2 + p + 1. Let r(s) = -3*s**2 + 2*s + 4. Let j(x) = -r(x) + 2*z(x). Determine j(u).
7
Let j = 15 + -16. Let f(o) = 11*o**2 + 2*o + 1. Determine f(j).
10
Let r be 1/((-2)/(-4)) + -2. Let t(c) = 8 - c + 2*c + r. Let b(s) = -s - 16. Let y be b(-11). Give t(y).
3
Let s(a) = -5*a**2 + a. Let i(u) = -u**2 + 6*u + 6. Let y be i(7). Determine s(y).
-6
Let v = -2 - -5. Suppose -5*q - 3*g + 17 = 0, -v*g = -4*q - 7*g + 12. Let f(m) = m - 3. Determine f(q).
1
Let k(u) = 2*u**2 - 1. Let p be k(-1). Let r(n) = 16*n**2 - n + 1. What is r(p)?
16
Let g(r) = -r**3 - r**2 - 1. Let s be ((-4)/(-2))/(-2)*0. Give g(s).
-1
Let x(b) = 3*b**2 + 5*b - 5. Let k(w) = -7*w**2 - 11*w + 11. Let q(r) = -4*k(r) - 9*x(r). Suppose 3*z + 11 = 4*j - 0*j, 6 = 2*j - 2*z. What is q(j)?
3
Let y(j) be the second derivative of -j**5/20 - 7*j**4/12 + 4*j**3/3 + j**2 - 18*j. What is y(-8)?
2
Let i(n) = n**2 - n + 1. Let k(c) be the first derivative of 1/2*c**2 + 1 + 1/3*c**3 - 3*c. Let w be k(-3). Calculate i(w).
7
Let q(d) = 9*d**2 - 13 + 19 - 3*d**2 - 4*d - d**3. What is q(6)?
-18
Suppose q + 1 = -4*a, -3 = 3*q - 4*q. Let h(m) = 4*m**3 - 6*m**3 - m**3 - m + m**2 + 2*m**3 - 1. Calculate h(a).
2
Let q(c) = 0 - 4*c - 1 + 0. Let m = 3 - 13. Let x(w) = w**2 + 11*w + 9. Let p be x(m). What is q(p)?
3
Suppose -2 = 5*s + 3, -4*i + 17 = -s. Suppose 7*t + i*u = 2*t + 5, 10 = 2*u. Let l(b) = b**2 - 4. Calculate l(t).
5
Let m = -21 + 37. Let v = m - 10. Let q(i) = -7*i**2 + 1 + v*i**2 - 2. Calculate q(-2).
-5
Let o(c) = c + 3. Let n(s) = -s - 5. Let a be n(-8). Determine o(a).
6
Let x = 24 - 22. Let n(m) = m**3 - 3*m**2 + 2*m - 1. What is n(x)?
-1
Let d = -12 - -14. Let y(v) = 3 - 4*v**3 + v**d + 2*v**3 - 12 + 3*v**3 - v. Calculate y(0).
-9
Let b(d) = d**2 + 2*d. Suppose 4*o - 4*f = 28, o - 2*f + 0 = 12. Let g(a) = -a**2 + 6*a + 2*a**2 + 5 - 2*a**o. Let w be g(7). Give b(w).
0
Let t(k) be the second derivative of k**4/4 - k**3/6 + k**2 + 4*k. Calculate t(2).
12
Let t(g) = -g**3 - 5*g**2 - 2*g - 4. Let x = 8 - 13. Calculate t(x).
6
Let j(v) = 3